w**2 + w + 248. Let r(o) = 5*m(o) + 4*p(o). Let u be r(0). Let y = u - -87. Is y a composite number?
True
Let p be -3 + -2 - (-1848 + -4). Let k = 3078 - p. Is k a prime number?
True
Let p = -624 + 596. Let i(u) = 22*u**2 + 29*u + 57. Is i(p) a prime number?
True
Let t(l) = 827*l + 31. Suppose 0 = 4*q - 0*d + 4*d - 40, -4*d = -2*q + 20. Is t(q) a composite number?
True
Let l be (8/(-24))/(1/(-177)). Let m = l + 41. Suppose -m*v + 379 = -99*v. Is v a composite number?
False
Suppose -3*g + 94470 = -4*v, -3*g - 1825 = v + 21800. Let o = -16402 - v. Is o a composite number?
True
Let k = 52 - 43. Let l be (4 - 415)*3/k. Let y = 286 + l. Is y composite?
False
Is 5077/(-1 - (48/21)/(-2)) a prime number?
False
Let a = -99182 - -345244. Is a a prime number?
False
Suppose -6*s + 3*s - 486002 = -25*s. Is s a prime number?
True
Let p be (72088/6)/((-8)/(-12)). Suppose 4*j - 3*t = -0*t + 14417, 0 = -5*j + 3*t + p. Suppose 4*g - 9*g = -j. Is g a composite number?
True
Let j = -435876 - -739859. Is j a composite number?
False
Suppose 0 = -5*m - 3*h - 2*h + 25, 3*m - 4*h = -6. Suppose v + 312 = 9*v. Suppose -m*x + v = -207. Is x a composite number?
True
Suppose 0 = -f + 4330 - 1352. Let x = f - 901. Is x composite?
True
Let t(p) = -p**3 + 18*p**2 - 8*p + 9. Let n be t(8). Suppose o - 3*w = -190, 0*o - 4*w + n = -3*o. Let c = 7 - o. Is c prime?
False
Let i(s) = -s**3 - 6*s**2 + 4*s + 12. Let o be i(-5). Let l be (-12472)/(-11) - 3*2/o. Suppose 0 = 4*z - 3*z - 4*j - l, -2*z = -4*j - 2248. Is z prime?
False
Suppose -4*r + i - 54609 = 7331, -r - 5*i = 15506. Let a = r - -33787. Is a prime?
True
Suppose -2*u - 2*s - 4 = -0*s, -7 = u + 2*s. Suppose 0 = -u*q + 4*h - 2*h + 65, 2*q - h - 44 = 0. Let r = 82 - q. Is r a prime number?
True
Suppose -a + 22*a - 17913 = 0. Let h = -300 + a. Is h a composite number?
True
Let z = -6081 + 16881. Suppose -4*w = -9*w - z. Let r = 3127 + w. Is r a prime number?
True
Is ((-16849)/(-1162))/(2/956) a composite number?
True
Suppose 30 = -5*k, 2*u + 0*k = 2*k + 89642. Is u a prime number?
False
Suppose 0 = -4*s + 5*p - 7652, 2*s - s - 3*p + 1906 = 0. Suppose x + 12237 = 4*x. Let b = x + s. Is b a prime number?
True
Let w = 1206359 - 336742. Is w a composite number?
True
Let w(q) = -143*q + 130. Let u be w(12). Let b = u - -3243. Is b prime?
True
Let m(c) = 14*c + 117. Let n be m(-18). Is ((-90)/n)/(4/46518) a composite number?
False
Suppose 17 = -7*f + 52. Let y be 1182/3 + (9 - f - 4). Let x = y - -793. Is x composite?
False
Let g = 141 - 116. Let o(r) = -169*r + 4. Let y be o(g). Let x = -2287 - y. Is x prime?
False
Let s = -88 + 75. Let f = s + 116. Is f a composite number?
False
Let r = -36 + 48. Suppose 0 = 3*j - j - 5*z - r, 0 = 4*j + 2*z. Suppose -j = p, -2*u = -8*p + 4*p - 440. Is u composite?
True
Suppose -59*q = 36*q - 25057105. Is q a prime number?
True
Suppose -15 = m - 20. Suppose 3*z + m*s = 7262, -5*z = 4*s - 2863 - 9262. Is z a prime number?
False
Suppose f - 10694 - 26133 = 0. Is f prime?
False
Suppose 15*b - 16*b + 8811570 = 29*b. Is b a composite number?
True
Let w = -45268 - -95991. Is w composite?
False
Let o(h) = 7*h + 11. Let f(d) = -4*d**2 + 1. Let k be f(1). Let b be ((1 + 2 - 2) + k)*-4. Is o(b) a prime number?
True
Let r = -3 + 10. Suppose -15638 = -r*v - 1617. Is v a composite number?
False
Let v = 8990 + -7213. Is v a composite number?
False
Suppose -30 = -5*r - 2*n, -4*n = 5*r - 9*n - 30. Suppose 5*w = 4*p - 54649 - 20717, 3*w + r = 0. Is p prime?
True
Is ((-3930184)/(-16)*(-24)/12)/(-1) a composite number?
False
Let y = -5627625 + 8161576. Is y a prime number?
False
Let q(s) = -39951*s**3 - 19*s - 17. Is q(-1) composite?
False
Is (-168004122)/572*(-2)/3 composite?
False
Let p = -94 - -99. Suppose 5*u + w - 3110 = 10817, -13923 = -p*u + w. Is u a composite number?
True
Suppose -2*v = 5*h - 1160354, 0 = 2*h - 271 + 255. Is v prime?
False
Let p(w) = 2223*w**2 + 80*w - 432. Is p(5) prime?
False
Let s be (-25560)/(-56) + 6/(-14). Let p(h) = 197*h - 57. Let v be p(-14). Let z = s - v. Is z a prime number?
True
Is 218022 + (225/(-195) - (-4 + 100/26)) composite?
False
Let j = -18137 - -35874. Is j a composite number?
False
Suppose -11 = 5*j + 4*g + 25, j - 3*g = -11. Let z(h) = -h. Let s(k) = 24*k + 33. Let y(i) = -s(i) - 4*z(i). Is y(j) a composite number?
False
Let i(j) = -120*j**2 + 3*j + 43. Let w(m) = 119*m**2 - 2*m - 42. Let v(d) = 5*i(d) + 6*w(d). Is v(-6) a prime number?
True
Let o(a) = -a**3 + 1. Let n(k) = 34*k**3 - 2*k - 7. Let z = -46 + 45. Let d(b) = z*n(b) - 6*o(b). Is d(-2) prime?
False
Let i(q) = -19791*q - 43. Let k(n) = n**2 - 20*n + 34. Let j be k(18). Is i(j) prime?
False
Suppose -98559540 = -70*x + 6643390. Is x a prime number?
False
Let c = 1477130 - 468725. Suppose 25*t - c = -20*t. Is t a prime number?
True
Suppose 37 - 13 = 6*v. Is 77384/120 - v - 2/(-15) prime?
True
Let q(y) = -5 - 876*y**3 - 447*y + 894*y - 455*y - 6*y**2. Is q(-2) prime?
False
Suppose 0 = -40*x - 359902 + 2199382. Is x composite?
True
Is ((-5)/(-30) + 3/(-6))*-165939 a prime number?
True
Suppose 68*w = 73*w. Let d be (-3 + 0)*(w + -3). Is 5065/3 + 6/d a composite number?
True
Let q = 8 + 8. Suppose 0 = q*s - 12*s - 308. Is s composite?
True
Let t(s) = 720*s - 7. Let o be 5 + 8*5/(-10). Is t(o) composite?
True
Let g = 40 - 10. Suppose g*m - 15 = 25*m. Suppose 4*r + m*r - 1771 = 0. Is r prime?
False
Let o = -279 - -269. Let b(h) = -3*h**3 - 11*h**2 - 3*h + 13. Is b(o) a composite number?
True
Suppose 55*v - 44*v + 7018 = 0. Is v/(-2*(9 + -8)) prime?
False
Suppose 58000 = 77*l - 93*l. Let u = l + 11124. Is u composite?
False
Let l be (-90)/(-20)*(11 + -1). Let z(p) = -4 - l*p + 130*p + 16. Is z(3) a prime number?
False
Let v = -8618 - -20179. Is v composite?
True
Suppose 0 = 3*f - m - 6220, -2*m + 10374 = -0*f + 5*f. Is (f/(-51))/((-10)/105) composite?
True
Suppose 5*h + 11 = -l, 0 = -l + 2*h - 0 + 3. Let i be (642/18)/(0 - l/(-3)). Let b = i - -140. Is b a composite number?
True
Suppose -8*m + 4*m = 4. Let i = 1 + m. Suppose i = -2*z + 4*b - 0*b + 770, -5*b - 15 = 0. Is z a prime number?
True
Let d(a) = 20*a**2 - 5*a. Let n(f) = -5*f + 4. Let z(m) = -m + 1. Let l(t) = n(t) - 4*z(t). Let w(o) = d(o) - 6*l(o). Is w(-1) prime?
True
Let b = 1471 + 6416. Let j = b + -2951. Suppose 5*v - j = 3859. Is v a prime number?
True
Let k(g) = -189*g**3 - 3*g**2 - 2*g - 3. Let x(u) = -376*u**3 - 5*u**2 - 4*u - 6. Let p(r) = -5*k(r) + 3*x(r). Is p(-2) a composite number?
True
Let f be (-209)/(-95) + ((-18)/15 - -1). Is (-5)/2*(-121 - (f + -5)) composite?
True
Let x = 24 - 35. Let k be (-10)/((5 + x)/12). Is (-11870)/4*(-4 - (-64)/k) prime?
False
Let z(p) = -4*p**3 + 2*p**2 - p - 2. Let r be z(2). Let q(t) = 24*t**2 + 21*t + 67. Is q(r) composite?
True
Suppose -8*r = -269 + 2557. Is (-44)/r + 216015/39 a composite number?
True
Suppose -264246 = -529*a + 523*a. Is a composite?
False
Let w(t) = 2532*t**3 + 7*t**2 - 24*t + 112. Is w(5) composite?
True
Suppose 5*v + 3*n - 196249 = 0, 37*v + 39255 = 38*v - 2*n. Is v a prime number?
True
Let y(r) = 14*r**3 - 4*r**2 + 4*r + 2 + 1 + 11*r**3 - 5. Let j = -42 + 45. Is y(j) composite?
True
Let f be (-10)/55 + (-658)/11. Is 36/f + (-3796)/(-10) a prime number?
True
Let l = -64 + 76. Suppose l*j + 351 = 4*d + 13*j, -3*j = 2*d - 183. Is d a composite number?
True
Let n(r) = r**2 + 21*r - 6. Let j be n(-15). Let s = j - -743. Is s a composite number?
False
Is (3846/2)/(-1 - (-4144)/4102) a prime number?
False
Suppose -9154870 = -203*r + 26009483 + 89885068. Is r a composite number?
True
Suppose 147*h + 133882 = 161*h. Let f = h - 4308. Is f a prime number?
False
Suppose 23*s - 27*s - 32 = 0. Is 2/s + 34542/24 composite?
False
Suppose 74*u - 70*u - 2309722 = -21*h, 5*h = -u + 577431. Is u prime?
False
Let h = -258 - -2345. Suppose -11585 = -8*y + h. Is y a prime number?
True
Let j = 5504 + -3734. Let z = 3523 - j. Is z a composite number?
False
Let h be 517 - 35 - -2*3. Let g = 26 + h. Is g a prime number?
False
Suppose -13*g - 48 = -21*g. Suppose 0 = 2*n + g, 3*q - 125 - 712 = 2*n. Is q a prime number?
True
Let b be (10 - 428/44)*22. Suppose 15 = 4*j + j. Is j + 75 - (b + -2) prime?
False
Let g = 12 - 15. Let q be g + (11 - (-4 + 8)). Suppose -q*z + 743 = -189. Is z a prime number?
True
Let x(l) 